at is 161477 - 21?
161456
In base 13, what is -47b - -363?
-118
In base 6, what is -1112 + 41?
-1031
In base 8, what is -5 - -22413?
22406
In base 5, what is 12 - 32144?
-32132
In base 12, what is -9 + 4a52?
4a45
In base 9, what is -577 - -640?
52
In base 10, what is 49 - -1092?
1141
In base 11, what is -5 - 107127?
-107131
In base 6, what is 21025504 + 3?
21025511
In base 6, what is 14405 - -4?
14413
In base 6, what is 3 + -125151?
-125144
In base 10, what is 2245 - 8?
2237
In base 5, what is -10440041 + 101?
-10434440
In base 15, what is -15 - 1a77?
-1a8c
In base 10, what is 37 + 698?
735
In base 7, what is -6 + -221162?
-221201
In base 11, what is 116 + -1a3?
-88
In base 5, what is -232104 + 0?
-232104
In base 4, what is -222020221213 - 10?
-222020221223
In base 12, what is 3 + -2666?
-2663
In base 14, what is -2 - 3673?
-3675
In base 10, what is -2048 + 21?
-2027
In base 14, what is -8cc9a - 5?
-8cca1
In base 2, what is 100100001001011110011 - 10?
100100001001011110001
In base 8, what is 6 - 16664?
-16656
In base 4, what is 1 + -132301?
-132300
In base 15, what is 7735c - 5?
77357
In base 11, what is 43 + 1347?
138a
In base 5, what is -14144224 + -11?
-14144240
In base 2, what is -1011001100010110001100 - 1?
-1011001100010110001101
In base 11, what is 3233 + 2a?
3262
In base 6, what is -5 + 4025145?
4025140
In base 6, what is -20 + 1421?
1401
In base 16, what is -9 - -57c1?
57b8
In base 12, what is 1a674 + -34?
1a640
In base 15, what is -829 - -3c?
-7dc
In base 14, what is 1838 - 2?
1836
In base 8, what is -731666 - 0?
-731666
In base 8, what is -4023755 - -4?
-4023751
In base 14, what is -49d - 103?
-5a2
In base 5, what is 133 - -44213?
44401
In base 7, what is 243314 - 3?
243311
In base 2, what is 1 + 1100000000011110?
1100000000011111
In base 9, what is 23 - -31221?
31244
In base 7, what is 12 + -100664?
-100652
In base 14, what is 5 + -7ccc7?
-7ccc2
In base 14, what is dcb4 - -41?
dd15
In base 14, what is 375b - -1?
375c
In base 4, what is -203310 + -11?
-203321
In base 10, what is 100319 + 5?
100324
In base 12, what is 2282 + 0?
2282
In base 3, what is 1 + 1002012012?
1002012020
In base 8, what is -4 + 353731?
353725
In base 2, what is 111001001000111101 + 11?
111001001001000000
In base 7, what is 3 + -50455?
-50452
In base 2, what is 1110101101110001110 + -100?
1110101101110001010
In base 12, what is -7bb2 + -2?
-7bb4
In base 5, what is 204 + -301003?
-300244
In base 7, what is 42231261 + 3?
42231264
In base 13, what is -32cbb8 + -4?
-32cbbc
In base 10, what is 4658 + -4?
4654
In base 8, what is 12517025 - -4?
12517031
In base 11, what is -92624 - 2?
-92626
In base 4, what is 3 + -21101223?
-21101220
In base 15, what is -328c + -8?
-3295
In base 13, what is -12b3 - 416?
-16c9
In base 2, what is 11101 - -1110101111101101?
1110110000001010
In base 2, what is 101011100 + 11110100?
1001010000
In base 7, what is 1250 - 100?
1150
In base 16, what is 194 + -33?
161
In base 10, what is -61 + -4517?
-4578
In base 13, what is 49c7 - 14?
49b3
In base 9, what is 2 + -124?
-122
In base 6, what is 4 - 11312?
-11304
In base 13, what is -7b + -75?
-123
In base 7, what is 0 - -205320?
205320
In base 8, what is -5320 + -2?
-5322
In base 2, what is -101111001001110 + -10?
-101111001010000
In base 10, what is -1 + -2462?
-2463
In base 8, what is 12717 + -5?
12712
In base 14, what is -59 - 25573?
-255cc
In base 15, what is 5 - 1a9c56?
-1a9c51
In base 3, what is 22020022221 + -2?
22020022212
In base 8, what is -3 - 327316?
-327321
In base 16, what is 3302 - 18?
32ea
In base 16, what is -3c1e6 + 5?
-3c1e1
In base 3, what is 0 + -20101122101?
-20101122101
In base 10, what is 4094 + -26?
4068
In base 3, what is 2 + 111020120000?
111020120002
In base 7, what is -2106420 - 3?
-2106423
In base 12, what is -a12 - 894?
-16a6
In base 10, what is -44 + -644?
-688
In base 9, what is -3561 - 4?
-3565
In base 14, what is 50a2c + 16?
50a44
In base 16, what is -3798 + 3?
-3795
In base 12, what is 128 + -531?
-405
In base 9, what is -224 - 255?
-480
In base 14, what is 3 - 275?
-272
In base 15, what is -a + 267?
25c
In base 7, what is -221610 + 15?
-221562
In base 2, what is 11011111110 + 110101?
11100110011
In base 2, what is 10001 + -10100000111?
-10011110110
In base 8, what is -13544 + 7?
-13535
In base 7, what is 3 + -162142?
-162136
In base 2, what is -1011010111001101 - 10?
-1011010111001111
In base 6, what is 24355232 - 0?
24355232
In base 15, what is 7a1e - c?
7a12
In base 3, what is 22102 - -1000222?
1100101
In base 16, what is 2 + 6a3?
6a5
In base 2, what is -100 - 10110011100001100?
-10110011100010000
In base 5, what is 204221 + 3?
204224
In base 5, what is -234320 - -401?
-233414
In base 9, what is 3 - 342308?
-342305
In base 12, what is -3 + 402985?
402982
In base 12, what is -18ba0 - -38?
-18b64
In base 2, what is 100 + -10100100101010001011?
-10100100101010000111
In base 6, what is 1244531 - 1?
1244530
In base 6, what is 4150422 + 1?
4150423
In base 2, what is 1100100111 - -11101?
1101000100
In base 11, what is -7 - 5431?
-5438
In base 10, what is 3817078 - 5?
3817073
In base 11, what is -a3 - 233?
-326
In base 6, what is -4 - 3525051?
-3525055
In base 7, what is 3 + 2151541?
2151544
In base 3, what is 10 - -20212112112?
20212112122
In base 4, what is -30022022 + 231?
-30021131
In base 16, what is -22b - -532?
307
In base 6, what is -1520044 - -1?
-1520043
In base 3, what is 1011 - -22012?
100100
In base 8, what is -1007 + -1173?
-2202
In base 5, what is -10323304 + 3?
-10323301
In base 8, what is -25566 + 12?
-25554
In base 3, what is 2022000201 - -102?
2022001010
In base 14, what is -48 - 12687?
-126d1
In base 5, what is -32110 + -44332?
-131442
In base 10, what is -1 + 14869?
14868
In base 5, what is -2 - 124203442?
-124203444
In base 10, what is 9740 + 135?
9875
In base 2, what is 1000 - 10001000110000?
-10001000101000
In base 8, what is -2374 - -12?
-2362
In base 12, what is 5751 + 43?
5794
In base 5, what is 32304202 + 2?
32304204
In base 11, what is 1a - 1797a?
-17960
In base 16, what is -189 - 63?
-1ec
In base 6, what is 112025 + 1501?
113530
In base 13, what is -258 + -78?
-303
In base 6, what is 2052 + -20?
2032
In base 8, what is 631 + -2?
627
In base 11, what is 1 + 571595?
571596
In base 16, what is 1ceb + e?
1cf9
In base 11, what is -1 - 12918?
-12919
In base 13, what is 13c441 - 3?
13c43b
In base 16, what is -12d1 - -2?
-12cf
In base 8, what is 4 + -114060?
-114054
In base 13, what is c5 + -835?
-740
In base 16, what is 8 + 973a?
9742
In base 15, what is -80 - 73?
-103
In base 7, what is -13600351 + 2?
-13600346
In base 15, what is -b4 - 1c?
-d1
In base 5, what is 3 - -2204121?
2204124
In base 3, what is 22202001 + 102?
22202110
In base 10, what is -3 - -598298?
598295
In base 14, what is 689 + -79a?
-111
In base 15, what is -2c9de + -5?
-2c9e4
In base 14, what is 4079 + 3?
407c
In base 2, what is -1000010111 + 1001101101?
1010110
In base 4, what is 2332 + -210101?
-201103
In base 2, what is -101100001100111 - -1?
-101100001100110
In base 15, what is 85b5 + -4?
85b1
In base 7, what is -5156 + -11?
-5200
In base 12, what is -13b0 - -204?
-11a8
In base 13, what is b647 - -c?
b656
In base 12, what is -572 + 50?
-522
In base 10, what is 19851 + -13?
19838
In base 5, what is -14121 + 2011?
-12110
In base 14, what is -3 + -19072?
-19075
In base 8, what is 2322 + 2006?
4330
In base 2, what is 111100010111 - -10110?
111100101101
In base 10, what is -25058 - 94?
-25152
In base 8, what is -7 - 57536?
-57545
In base 8, what is 101 - -2427?
2530
In base 9, what is -7720 - -1?
-7718
In base 2, what is -10010100 + 100001010?
1110110
In base 9, what is 78 + 4026?
4115
In base 2, what is -1 - -101110010100110100111?
101110010100110100110
In base 6, what is -2 - -3401552?
3401550
In base 8, what is 110145 - 0?
110145
In base 6, what is 2 - -201522?
201524
In base 14, what is 39648a + -2?
396488
In base 5, what is -12023 + 1141?
-10332
In base 14, what is -39a0 + -1?
-39a1
In base 4, what is 21 + 1023313?
1030000
In base 14, what is -1026d - -2?
-1026b
In base 10, what is -6425 - 111?
-6536
In base 9, what is 0 - -171678?
171678
In base 8, what is 110 + -153206?
-153076
In base 16, what is 3 - -1cab3?
1cab6
In base 3, what is -10 - 102001012002?
-1020010